 of (x/(-10))/((-6)/(-15)).
2, 7
Suppose -3*j - 3*i = -294, 5*i - 50 = -3*j + 254. What are the prime factors of j?
3, 31
Let h(u) = -7*u**2 + 11*u - 13. Let t(r) = -3*r**2 + 5*r - 6. Let q(l) = -2*h(l) + 5*t(l). Let j be q(3). List the prime factors of 3 - j - (3 + -1).
5
Let s be (-3 - (-1 - 1))*-17. Let w = 29 - s. List the prime factors of w.
2, 3
Suppose 7*i - 3*i - 168 = 0. List the prime factors of i.
2, 3, 7
Let h be (9/6)/(2/4). Let p(y) = -y**3 + 5*y**2 - 2*y - 2. What are the prime factors of p(h)?
2, 5
Let m(s) = 59*s**2 - 2*s. What are the prime factors of m(1)?
3, 19
Suppose 4*v - 1 = 99. Suppose n + 0*n = v. List the prime factors of n.
5
Let k(v) = v**3 + 9*v**2 + 9*v - 7. Let u be k(-7). Suppose -n - n + u = 0. Let b = 25 - n. What are the prime factors of b?
11
Let x(q) = q**3 - 9*q**2 - 5. Let g be x(9). Let c = 11 + g. Let b = c + 8. List the prime factors of b.
2, 7
Let j(r) = -r**2 + 2*r - 3. Let o be j(3). What are the prime factors of 16/o*15/(-4)?
2, 5
Let x(u) = 3*u**3 - 4*u**2 + 2*u + 1 + u - 5*u**3 + 3*u**3. Let b be x(3). What are the prime factors of b*(0 - (-2 + -1))?
3
Let q(y) = -y**3 + y**2 + y + 167. What are the prime factors of q(0)?
167
Suppose -y - 20 = -2*x, -2*y = -0*x - 3*x + 29. What are the prime factors of x?
11
Let w(d) = d**2 + 7*d - 6. Let h be w(-8). Let l = 4 + h. List the prime factors of l.
2, 3
Let z(n) = 2*n - 1. Let x be z(-2). Let h be (4 + x)/(1 - 0). List the prime factors of 2 - (h + (-2 - 3)).
2
Let j(x) = 2*x**2 + 2. Let g be j(6). Suppose 4*s - 2*s - g = -2*k, 0 = 3*s - 2*k - 101. List the prime factors of s.
5, 7
Let h(d) = 10*d**2 + 4*d + 5. Let o be h(4). Suppose -4*s = -o + 13. List the prime factors of s.
2, 3, 7
Let t = -16 - -18. Suppose -t*q + q = -7. List the prime factors of q.
7
Suppose 7*m = 11*m - 72. What are the prime factors of m?
2, 3
Suppose 4*j - 687 = -155. What are the prime factors of j?
7, 19
Let j(y) be the second derivative of y**5/20 + 2*y**4/3 - y**3 - 2*y**2 - 2*y. Let r be j(-9). Let l = -20 - r. List the prime factors of l.
11
Suppose 5*r - 43 = -k + 44, 4*r - 162 = -2*k. List the prime factors of k.
7, 11
Let k be 153/(-6)*4/(-6). Suppose -5*d - 3 = k. What are the prime factors of (d + 3)/1 - -7?
2, 3
Let w = 108 + -53. What are the prime factors of w?
5, 11
Let r = -14 - -29. Suppose -3*g + 8*g + r = 0. Let x = g + 5. What are the prime factors of x?
2
Suppose -5*f + 4*y = 43, -3*y - 8 = -2*f + 4*f. Let t = f - -5. What are the prime factors of 0 + 7 + t + 4?
3
Let k(n) be the third derivative of -n**6/120 + n**5/12 + 7*n**4/24 - 2*n**3/3 + 3*n**2. What are the prime factors of k(6)?
2
Let h(t) = -t**3 + 5*t**2 + t - 3. Let q be h(5). Suppose 3*k - 12 = q*k. What are the prime factors of k?
2, 3
Suppose 2*z + 2 = 130. List the prime factors of z.
2
Let z = 38 - 14. What are the prime factors of z?
2, 3
Let p = 209 - 77. List the prime factors of p.
2, 3, 11
Let w = 247 + -124. What are the prime factors of w?
3, 41
What are the prime factors of (3 + -2)/((-4)/(-108))?
3
Suppose -3*l + 4*s = -16, -l - 6*s + 14 = -3*s. What are the prime factors of l?
2
Let p(k) = k**3 - k**2 - 2*k - 2. Let z = 12 + -9. Let h be p(z). Let t(x) = x**3 - 9*x**2 - 10*x + 5. What are the prime factors of t(h)?
5
List the prime factors of ((-33)/(-2))/((-7)/(-14)).
3, 11
Let o(g) = 7*g**2 - 9*g - 8. List the prime factors of o(-4).
2, 5, 7
Suppose 4*k - 12 = -0*z + 2*z, -z = -5*k + 21. Let c = k - -3. Let m = c - 1. What are the prime factors of m?
7
Suppose h = 2*q - 37, 2*h - 20 = 2*q - 86. Let w = 46 + h. What are the prime factors of w?
17
Suppose -4*z = j + 61 - 203, 294 = 2*j + 3*z. List the prime factors of j.
2, 3, 5
Suppose -7*l = -363 - 120. List the prime factors of l.
3, 23
Suppose 2*y + 3*a + 15 = 0, y - 4 + 14 = -4*a. Let q(n) be the first derivative of n**3/3 + 5*n**2/2 + 6*n - 1. What are the prime factors of q(y)?
2, 3
Let m = 8 - 8. Let u be m + (-39)/(-1) - -2. Let s = u - 21. What are the prime factors of s?
2, 5
Suppose 5*r - 19 - 11 = 0. What are the prime factors of r?
2, 3
Suppose 69 = b - 106. List the prime factors of b.
5, 7
Suppose -4*y + 4*h = -20, -5*y + 25 = h - 2*h. What are the prime factors of y?
5
Let k = 32 + -21. What are the prime factors of k?
11
Suppose 5*k + 27 = -28. Let q = 23 - k. What are the prime factors of q?
2, 17
Let r(c) = -c - 4. Let n be r(-6). What are the prime factors of (20/(-6))/(n/(-3))?
5
Suppose -y - 2*y - 2*i = -88, 0 = -3*y + 3*i + 108. List the prime factors of y.
2
Let p(z) = -z**3 - 9*z**2 - 3*z - 13. Suppose -6 = -4*h - 42. What are the prime factors of p(h)?
2, 7
Suppose 0 = -4*o - 16, 6*h = 4*h - 4*o + 214. List the prime factors of h.
5, 23
Let r(z) = 5*z**3 + 4*z**2 + 4*z + 2. Let i be r(-2). Let w = i + 75. What are the prime factors of w?
3, 5
Let h = 55 + -39. Suppose -4*n = -0*x - 4*x - h, x = 4*n - 16. What are the prime factors of n?
2
Suppose 101 = 3*j - k + 12, 0 = 4*j - 5*k - 137. What are the prime factors of j?
2, 7
Let u = 311 - 108. What are the prime factors of u?
7, 29
Let h(l) = -l**3 + 6*l**2 + 3*l + 4. What are the prime factors of h(6)?
2, 11
Suppose 0 = 8*h - 3*h - 5. What are the prime factors of h/(-3) - (-122)/6?
2, 5
Let d(k) be the first derivative of -2*k**2 - 2*k - 2. Let g be d(3). Let w = 23 + g. List the prime factors of w.
3
Let f(o) be the third derivative of o**6/120 - o**5/10 + o**4/4 - o**3/2 + 6*o**2. Let t(b) = b**2 - 4*b - 7. Let k be t(6). What are the prime factors of f(k)?
2
Let v(r) = -r**3 - 6*r**2 - 2*r - 9. Let f be v(-6). Suppose 2*p + f = 81. What are the prime factors of p?
3, 13
Suppose 0*t - 3*t + 4*y = 15, 5*y + 10 = -2*t. Let c = -7 - t. What are the prime factors of 1/1*c*-1?
2
Suppose 8 - 2 = 2*w. Suppose 0*m + 2*m = 4*a - 52, -2*a - w*m + 18 = 0. What are the prime factors of a?
2, 3
Suppose 2*p + h = 7, 0 = -4*p + h + 2*h + 39. Suppose -p*s = -s - 40. List the prime factors of (6/s)/(1/4).
3
Let t(x) = 2*x + 8. Let h be t(-3). Let c(w) = -w**3 - 5*w**2 + 5*w - 5. Let u be c(-6). List the prime factors of (u - (-9)/3) + h.
2, 3
Let p(j) = 2*j - 2. Let z be p(3). Suppose 2*s + 28 = z*b - 10, b + 3 = -2*s. List the prime factors of b.
7
Suppose 6*k = 163 - 37. List the prime factors of k.
3, 7
Suppose -5*y - 100 = -10*y. Suppose 6*b = b + y. List the prime factors of b.
2
List the prime factors of 16 - 1 - 0/6.
3, 5
Let v be (-101)/(-4) - (-3)/(-12). Suppose 5*c + v = -0*c. List the prime factors of ((-195)/6)/c*2.
13
Suppose -4*q = 5*j - 3*q - 35, 2*j = 4*q + 14. Let d(p) = 2*p - 9. List the prime factors of d(j).
5
Let k(s) = -3*s - 4. Let b be k(-7). Suppose -x - b = -2*x. List the prime factors of x.
17
Suppose 0 = 3*l + 3, s - 127 = -3*s + 3*l. What are the prime factors of s?
31
Let o(r) = -4*r. Let p be o(1). Let w(d) = d**2 + d - 2. What are the prime factors of w(p)?
2, 5
What are the prime factors of (1 - 3)/((-2)/106*2)?
53
Let m(j) = j**2 - j + 1. Let s be 9/6 - 2/(-4). List the prime factors of m(s).
3
Let m(z) = -z - 6. Let v be m(-9). Suppose 5*q + 2*b - 45 = 25, v*q - 4*b = 68. What are the prime factors of q?
2
Let q = -96 - -135. Let g(s) = -s**2 + s + 3. Let o be g(-5). Let b = o + q. List the prime factors of b.
2, 3
Suppose -v + 24 = 3*v. Let f = 14 - v. What are the prime factors of 54/f + 4/16?
7
Let u = -25 - -17. What are the prime factors of 2/u - (-308)/16?
19
Suppose -5*g - 5 = 5*z, -4*g + 5*z - 3 = -26. Suppose 0 = m + m - 2*u - 2, -3*m + 1 = -2*u. What are the prime factors of 13 + m + -2 + g?
2, 3
List the prime factors of (572/55)/(4/10).
2, 13
Let s = -8 + 18. What are the prime factors of s?
2, 5
Let l(m) = 8*m**3 - m**2 + 2*m - 1. Let b be l(1). Suppose 5*u + 38 - b = o, 0 = -3*o - 2*u + 56. What are the prime factors of o?
2, 5
Let c = 373 + -246. List the prime factors of c.
127
Let y be -66*2*3/(-6). Let k = y - 5. Suppose -k = -5*o + v - 18, -v - 7 = -o. What are the prime factors of o?
3
Let i(p) = p - p - p + 6. Let c be i(5). Let t = c + 3. List the prime factors of t.
2
Let t(i) = 24*i + 2. What are the prime factors of t(1)?
2, 13
Let d be 1 - (3 + 69/(-3)). What are the prime factors of -1*(-5)/(5/d)?
3, 7
Let m be (4/6)/(1/(-3)). Let c be (5/(-15))/((-2)/342). What are the prime factors of c/(4 + -1) +